3 = 2. What is the tens digit of y?
1
Let b(m) = m + 6. Suppose 0 = 2*s + x - 0 + 4, 0 = 4*s + 4*x. Let q be b(s). Suppose 2*l + 0*g - 206 = 2*g, -4*l = -q*g - 408. What is the units digit of l?
1
Let u(s) be the second derivative of s**4/12 - 4*s**3/3 - 17*s**2 - 2*s - 2. What is the hundreds digit of u(29)?
5
Suppose -2*h - 4 = -14. Suppose -3*z = 4*f + 7, 6 = -2*f - 3*z + z. Suppose -f*w + 4*u = -0*w - 108, 3*u - 335 = -h*w. What is the tens digit of w?
6
Suppose -6*v + v = -22671 - 4514. What is the units digit of v?
7
Let q be ((-3)/4)/(17/(3131332/(-3))). Suppose -18*l + q = 18653. What is the hundreds digit of l?
5
Let a(y) = 417*y**2 - 63*y + 273. What is the units digit of a(4)?
3
Suppose -14*c - 730 = -170. What is the tens digit of 55764/32 + 265/c + 7?
4
Let z = -333 - -34. Let l = z + 527. What is the tens digit of (15/9)/((-454)/l - -2)?
9
What is the units digit of 7 + 1452/(-204) + (-358281)/(-51)?
5
Let v(o) = o**2 - 19*o + 70. Let i be v(14). Suppose 5*w + 1093 = 6*w - 2*f, i = 4*f + 12. What is the tens digit of w?
8
Suppose 3*h - 172571 = -3*v + 15010, 5*h - 312640 = -4*v. What is the hundreds digit of h?
5
Suppose 196509 - 43077 = 5*t + 3*j, 5*t = 3*j + 153408. What is the thousands digit of t?
0
Let z = 158 + -154. Suppose -3*b + 4*d = 2*b - 207, -z*b + 162 = -5*d. What is the units digit of b?
3
Let y be 1/(-3) + ((-10)/(-3) - -1). Suppose -u + 16 = y*s + u, -3*u = -3*s + 21. Suppose s*k - 852 - 628 = 0. What is the tens digit of k?
9
Let y be ((-17 - 0) + 2)*36/(-5). Let g = y - -43. What is the tens digit of g?
5
Suppose -10*l + 238 = -2482. Suppose l = 6*k - 2*k. What is the units digit of k?
8
Let v(r) = -r**2 + 13*r - 38. Let l be v(8). Suppose -l*p = -427 - 369. What is the units digit of p?
8
Let u be 9/(-3) - 189*(-1 - 0). Suppose -154*c + 156*c = -u. Let d = -65 - c. What is the units digit of d?
8
Let k = -33 + -31. What is the hundreds digit of (-8624)/k + (9/(-12))/(-3)?
1
Suppose -6*a - 6*a + 164868 = -a. What is the tens digit of a?
8
Let a(x) = -931*x + 848. What is the tens digit of a(-3)?
4
Let w(m) = -5*m**3 - 7*m**2 + 8*m - 7. Let o be w(-8). Suppose 4*d - 1231 = -3*t, -t + o = 4*t - 4*d. Let c = t + -291. What is the units digit of c?
8
Let c(n) = -n**3 - 6*n**2 - 6*n + 1. Let q be c(-5). Suppose -39*i + 2079 = -q*i. What is the units digit of i?
3
Suppose r + 5*o = 3*r - 25, 5*o + 25 = -4*r. Suppose 0 = y - r*y + m - 6, 4*y - 30 = -2*m. Suppose 16*k = y*k + 910. What is the hundreds digit of k?
1
Let c = -873 + 874. Let a(y) = 923*y + 2. What is the tens digit of a(c)?
2
Suppose 17 - 22 = w, 194855 = 5*u - 3*w. What is the tens digit of u?
6
Let l(u) = -235*u**3 + 6*u**2 + 12*u - 19. Let y be l(5). What is the units digit of (y/(-171))/((-1)/(-3))?
2
Suppose -4*k + 0*k + 12 = 0, -645 = -4*s + 5*k. Let p = -35 - s. Let m = p + 426. What is the hundreds digit of m?
2
Let v(p) = p + 9. Let d be v(-4). Suppose r + 22 - 79 = -s, 4*s - 289 = -d*r. What is the tens digit of r?
6
Suppose -36*j = -38*j - 466. Let l = j + 438. What is the units digit of l?
5
Suppose 4*n = 4*z + 16476, -3*n - 4*z + 7791 = -4587. Let a = n - 2543. What is the thousands digit of a?
1
Let u(m) = -35*m**3. Let p be 2/(-1*(-3 - -1)). Let s be (2/(-6))/(p/3). What is the units digit of u(s)?
5
Let j(h) = 1133*h**2 + 34*h + 38. What is the thousands digit of j(-6)?
0
Let p be 76*2/((-12)/3). Suppose -10*b - 1780 = -30*b. Let k = p + b. What is the tens digit of k?
5
Let f = -44053 + 91400. What is the hundreds digit of f?
3
Let g = 4895 - 2548. What is the tens digit of g?
4
Let y = 486 - -1240. Let g = y - 1031. What is the tens digit of g?
9
Let q(c) = 67*c**2 - 4*c - 3. Let j be q(-1). Suppose -u + 5*u - 20 = 0. Suppose -u*t = -r - j, t + 5*r + 80 = 6*t. What is the tens digit of t?
1
Let m be (-8)/40*5*-2. Let z(t) = 4*t**2 - 10. Let k be z(9). Suppose -m*j = -k - 40. What is the tens digit of j?
7
Suppose 2 = -u, 0 = 18*i - 15*i - 2*u - 58801. What is the tens digit of i?
9
Let h = 176 - -493. Let k = h - 565. What is the units digit of k?
4
Let i(n) = n**2 - 8*n + 38. Let l be 264/27 + 6/27. Let a be i(l). Suppose a*x - 242 = 56*x. What is the tens digit of x?
2
Let f = 64 + -2. Suppose -105*k - 1185 = -12315. Suppose -3*t = -f - k. What is the units digit of t?
6
Suppose -2*i = -2*t + 2 - 0, 5*i = -t - 17. Let n be (3*((t - 3) + 4))/(-1). Suppose 274 + 140 = n*h. What is the hundreds digit of h?
1
Suppose 4*d - c = 265, -7*c - 5 = -2*c. Suppose -62 = -4*n + d. What is the units digit of n?
2
Suppose 3*f = 3*h - 222, -h + 2*f + 82 - 10 = 0. Suppose -z - h = -321. What is the tens digit of z?
4
Let x(o) = -o + 16. Let k be x(14). Suppose 4*y + 10 = c, 6*c + k*y = c + 28. Suppose -4*m - c*n + 3*n + 342 = 0, 257 = 3*m + 2*n. What is the units digit of m?
7
Let q(l) = 3*l**3 - 132*l**2 - 104*l + 37. Let o be q(45). What is the hundreds digit of o + 1 + -12 + (-2 - -3)?
4
Suppose 2*z + 8 = -0, 3*z = f - 1955. What is the units digit of f?
3
Let q(d) = 6*d**2 + 9*d - 15. Let y(x) = x**2 + 22*x + 112. Let i be y(-15). What is the units digit of q(i)?
2
What is the hundreds digit of (-22 - (-21 + 11)) + 23384?
3
Suppose 0 = -4*x + 2*x + 12. Let w(v) = 7*v**2 + 7*v - 43. What is the hundreds digit of w(x)?
2
Let s = -2715 + 4719. Let j = -625 + s. What is the thousands digit of j?
1
Suppose r - 40 = 16*m - 17*m, -2*r + 76 = m. What is the tens digit of 4/((r/10233)/((-2)/(-3)))?
5
Let k = 3532 - -2594. What is the thousands digit of k?
6
Suppose -329*u = -335*u + 18. What is the tens digit of u/(-2) - 14850/(-36)?
1
Let g be (-8)/24 + (-21)/(-9). Suppose -1024 = -0*b + g*b. Let j = b + 724. What is the units digit of j?
2
Let k = -19 - -62. Let n = 32 - 71. Let a = k + n. What is the units digit of a?
4
Let y(o) = -4*o + 2. Let t be y(-7). Let r be t/(-135) + (-29)/(-9). Suppose r*i + g - 485 = 0, -3*i - i + 645 = g. What is the hundreds digit of i?
1
Suppose 4*j - 12 = 2*o, 4*o + 0*j + 6 = 2*j. Suppose 4*i - 12*i + 3288 = o. What is the units digit of i?
1
What is the units digit of (3 - -165)/(-2)*(-3038)/56?
7
Suppose -11440 = g - 14*g. Let h = -580 + g. What is the tens digit of h?
0
Suppose -22*u + 17*u - q + 74005 = 0, -4*u + 59204 = 3*q. What is the hundreds digit of u?
8
Let k(a) = 293*a**2 + 8*a + 35. Let l be k(-11). Suppose -l = -25*f + 11350. What is the thousands digit of f?
1
Suppose -196*a + 8 = -192*a. Let n = -20 + 14. What is the hundreds digit of (a/n)/((-6)/2754)?
1
Let m(a) be the second derivative of -7*a**3/3 + 89*a**2/2 + 4*a. What is the units digit of m(5)?
9
Let a(y) = 10*y**3 + 5*y**2 - 4*y + 3. Suppose -5*g = -4*l - 0*l - 18, -14 = -4*g + 3*l. What is the tens digit of a(g)?
9
Suppose 0 = -b, 4*c - 14*b - 206792 = -9*b. What is the hundreds digit of c?
6
Let w be (-11)/(-44) - (-2)/(-8). Suppose w = 14*v + 11*v - 9350. What is the tens digit of v?
7
Suppose -280*c + 261*c + 496071 = 0. What is the tens digit of c?
0
Let v = 9 + 19. Suppose 13*u = 15*u - v. Let m(q) = 3*q + 8. What is the tens digit of m(u)?
5
Let v be (-6 - 16/(-4)) + (-6)/1. Let i be 596/(-3)*(-6)/v*-2. Suppose 9*c - 1909 = -i. What is the tens digit of c?
7
Suppose 0 = 4*r - 5*r + 5. Let d(z) = -r*z**3 + 1 + 2 + 0 + 5. What is the units digit of d(-3)?
3
Suppose -8 = 2*i, 2*i + 13 + 40 = q. Let x = q - 38. Suppose -x*b + 821 = 51. What is the units digit of b?
0
Let w(m) be the first derivative of 4*m**4 - 2*m**3/3 - m**2/2 + m - 7. Suppose 0*n - 4*r + 22 = n, -r + 5 = 0. What is the units digit of w(n)?
9
Suppose -o + d + 6050 + 2900 = 0, 3*o - 26852 = 2*d. Suppose 0 = 7*j - o + 706. What is the tens digit of j?
7
Suppose 42*y = 55*y + 7358. Let n = y + 1167. What is the hundreds digit of n?
6
Suppose -2*z = 4*j - 168, 0 = 5*z - 4*j + 182 - 560. Suppose -f = q + 27, 4*f - 5*q + 50 = -85. Let w = z - f. What is the units digit of w?
8
Let v(y) = 3*y**2 - y**2 - 47*y - 3*y**2 - 73. What is the tens digit of v(-18)?
4
Suppose -200 = -22*h + 20*h. Let o = 295 - h. What is the units digit of o?
5
Let h(s) = -521*s**3 - 4*s**2 - 21*s - 18. What is the units digit of h(-5)?
2
Suppose 3*q = 5*v + 2*q - 35, 0 = 3*q - 15. Let c be 147/35 - v/(-10). Suppose -2*s + c*l + 255 = 0, -16 = 4*l + 4. What is the hundreds digit of s?
1
Let r = 74 + -78.